{"id":2902,"date":"2025-09-22T10:48:51","date_gmt":"2025-09-22T07:48:51","guid":{"rendered":"https:\/\/iridarestaurant.gr\/experiences\/1-menu-3-chefs-2-nuits\/"},"modified":"2026-01-15T12:04:40","modified_gmt":"2026-01-15T10:04:40","slug":"1-menu-3-chefs-2-nuits","status":"publish","type":"experiences","link":"https:\/\/iridarestaurant.gr\/fr\/experiences\/1-menu-3-chefs-2-nuits\/","title":{"rendered":"1 Menu \u2013 3 Chefs \u2013 2 Nuits"},"content":{"rendered":"\n<p>Une exp\u00e9rience gastronomique inoubliable vous attend au <strong>Irida Wine Restaurant<\/strong>.<br\/>Trois chefs de renom \u2013 <strong>Yiannis Baxevanis<\/strong>, <strong>Miltos Armenis<\/strong> et notre chef r\u00e9sident <strong>Eirini Giannoulaki<\/strong> \u2013 unissent leurs forces pour cr\u00e9er un menu gastronomique unique, \u00e9labor\u00e9 exclusivement pour ces deux soir\u00e9es sp\u00e9ciales.<\/p>\n\n<h3 class=\"wp-block-heading\">Les points forts du menu<\/h3>\n\n<ul class=\"wp-block-list\">\n<li><strong>Anchois aromatique<\/strong> | pain au levain | menthe<\/li>\n\n\n\n<li><strong>Lasagnes faites \u00e0 la main<\/strong> | \u00e9pinards | tomates cerises | champignons<\/li>\n\n\n\n<li><strong>Rouleau de lapin au rago\u00fbt <\/strong>| cuit lentement au four<\/li>\n\n\n\n<li><strong>P\u00eaches grill\u00e9es<\/strong> | miel d&rsquo;ail noir | apaki (porc fum\u00e9 cr\u00e9tois)<\/li>\n\n\n\n<li><strong>Mouton local cuit au romarin et au vinaigre<\/strong> | fromage manarolia | beurre br\u00fbl\u00e9<\/li>\n\n\n\n<li><strong>Mille-feuille \u00e0 l&rsquo;orange<\/strong> et feuille de p\u00e2te aux amandes<\/li>\n<\/ul>\n\n<h3 class=\"wp-block-heading\">Accords vins<\/h3>\n\n<p><strong>Septembre 17<\/strong>: Pr\u00e9sentation des vins de notre cave priv\u00e9e<br\/><strong>Septembre 18<\/strong>: Boutiques viticoles pr\u00e9sent\u00e9es par @mrvertigo.wine<\/p>\n\n<p>Les deux soir\u00e9es proposent un programme musical organis\u00e9 pour compl\u00e9ter l\u2019atmosph\u00e8re.<\/p>\n\n<p>Un menu. Trois cuisiniers. Deux nuits pleines de saveurs, d&rsquo;ar\u00f4mes et d&rsquo;\u00e9motions.  <\/p>\n","protected":false},"excerpt":{"rendered":"<p>Septembre 17 &amp; 18 | Irida Wine Restaurant<\/p>\n","protected":false},"author":4,"featured_media":2903,"template":"","experience-type":[15],"class_list":["post-2902","experiences","type-experiences","status-publish","has-post-thumbnail","hentry","experience-type-event"],"_links":{"self":[{"href":"https:\/\/iridarestaurant.gr\/fr\/wp-json\/wp\/v2\/experiences\/2902","targetHints":{"allow":["GET"]}}],"collection":[{"href":"https:\/\/iridarestaurant.gr\/fr\/wp-json\/wp\/v2\/experiences"}],"about":[{"href":"https:\/\/iridarestaurant.gr\/fr\/wp-json\/wp\/v2\/types\/experiences"}],"author":[{"embeddable":true,"href":"https:\/\/iridarestaurant.gr\/fr\/wp-json\/wp\/v2\/users\/4"}],"version-history":[{"count":1,"href":"https:\/\/iridarestaurant.gr\/fr\/wp-json\/wp\/v2\/experiences\/2902\/revisions"}],"predecessor-version":[{"id":2904,"href":"https:\/\/iridarestaurant.gr\/fr\/wp-json\/wp\/v2\/experiences\/2902\/revisions\/2904"}],"wp:featuredmedia":[{"embeddable":true,"href":"https:\/\/iridarestaurant.gr\/fr\/wp-json\/wp\/v2\/media\/2903"}],"wp:attachment":[{"href":"https:\/\/iridarestaurant.gr\/fr\/wp-json\/wp\/v2\/media?parent=2902"}],"wp:term":[{"taxonomy":"experience-type","embeddable":true,"href":"https:\/\/iridarestaurant.gr\/fr\/wp-json\/wp\/v2\/experience-type?post=2902"}],"curies":[{"name":"wp","href":"https:\/\/api.w.org\/{rel}","templated":true}]}}

<p>Une expérience gastronomique inoubliable vous attend au <strong>Irida Wine Restaurant</strong>.<br/>Trois chefs de renom – <strong>Yiannis Baxevanis</strong>, <strong>Miltos Armenis</strong> et notre chef résident <strong>Eirini Giannoulaki</strong> – unissent leurs forces pour créer un menu gastronomique unique, élaboré exclusivement pour ces deux soirées spéciales.</p>

<h3 class="wp-block-heading">Les points forts du menu</h3>

<ul class="wp-block-list">
<li><strong>Anchois aromatique</strong> | pain au levain | menthe</li>



<li><strong>Lasagnes faites à la main</strong> | épinards | tomates cerises | champignons</li>



<li><strong>Rouleau de lapin au ragoût </strong>| cuit lentement au four</li>



<li><strong>Pêches grillées</strong> | miel d&rsquo;ail noir | apaki (porc fumé crétois)</li>



<li><strong>Mouton local cuit au romarin et au vinaigre</strong> | fromage manarolia | beurre brûlé</li>



<li><strong>Mille-feuille à l&rsquo;orange</strong> et feuille de pâte aux amandes</li>
</ul>

<h3 class="wp-block-heading">Accords vins</h3>

<p><strong>Septembre 17</strong>: Présentation des vins de notre cave privée<br/><strong>Septembre 18</strong>: Boutiques viticoles présentées par @mrvertigo.wine</p>

<p>Les deux soirées proposent un programme musical organisé pour compléter l’atmosphère.</p>

<p>Un menu. Trois cuisiniers. Deux nuits pleines de saveurs, d&rsquo;arômes et d&rsquo;émotions.  </p>
